4a02
What is -1100011110 (base 2) in base 8?
-1436
Convert -3330431 (base 5) to base 7.
-331541
Convert 41414 (base 7) to base 5.
311104
-30297 (base 11) to base 6
-540543
What is -65716 (base 8) in base 12?
-13b7a
3 (base 6) to base 8
3
323 (base 14) to base 9
757
Convert 14e9 (base 16) to base 2.
1010011101001
What is 681 (base 14) in base 7?
3521
Convert -322320 (base 4) to base 15.
-11b3
1022010 (base 3) to base 2
1110110100
-3055 (base 6) to base 16
-2ab
-110100111011010 (base 2) to base 15
-8068
-2907 (base 10) to base 11
-2203
What is -1941 (base 11) in base 10?
-2465
Convert 10000011100111 (base 2) to base 7.
33362
Convert -2a72 (base 13) to base 9.
-8423
What is 5c15 (base 15) in base 11?
137a4
4143 (base 7) to base 14
75a
Convert -11154 (base 6) to base 8.
-3056
-112c4 (base 14) to base 2
-1010001011111100
Convert -1128 (base 14) to base 15.
-d36
258 (base 10) to base 7
516
What is 204d (base 14) in base 4?
1112311
What is 121545 (base 8) in base 5?
2314304
Convert b40b (base 14) to base 13.
11140
2101 (base 5) to base 6
1140
2a236 (base 11) to base 2
1010011101111001
Convert -10365 (base 8) to base 9.
-5853
What is 10100110011 (base 2) in base 5?
20311
-4255 (base 8) to base 5
-32341
Convert -5705 (base 9) to base 2.
-1000001111001
What is 385 (base 11) in base 3?
121220
Convert e34 (base 15) to base 8.
6177
-115 (base 8) to base 5
-302
What is -1254 (base 9) in base 13?
-574
What is -197a (base 12) in base 11?
-2385
What is 4db (base 14) in base 3?
1100012
What is -11120221 (base 3) in base 16?
-d12
What is 54052 (base 6) in base 8?
16320
What is -3412 (base 6) in base 10?
-800
67138 (base 10) to base 8
203102
-e41 (base 15) to base 11
-245a
-1310110 (base 4) to base 10
-7444
What is 1101101 (base 2) in base 6?
301
What is -472 (base 12) in base 11?
-552
Convert -c629 (base 13) to base 2.
-110101100010101
-1960 (base 13) to base 12
-2244
What is 2330 (base 6) in base 2?
1000101110
Convert -111101011 (base 2) to base 7.
-1301
What is 110111011000 (base 2) in base 4?
313120
What is 25123 (base 8) in base 16?
2a53
What is -1042355 (base 6) in base 11?
-36420
-121553 (base 6) to base 7
-43323
What is 100001 (base 2) in base 8?
41
Convert -319 (base 16) to base 15.
-37d
Convert 223201 (base 5) to base 3.
101212120
-3b3 (base 13) to base 14
-349
c451 (base 15) to base 12
20004
What is 6e5 (base 15) in base 4?
120131
Convert -1010 (base 14) to base 13.
-1342
What is 1a4b (base 14) in base 4?
1022203
Convert -15c6 (base 14) to base 8.
-7472
34b0 (base 14) to base 6
110242
What is 4898 (base 11) in base 5?
201044
What is -1210422 (base 6) in base 7?
-353414
What is 4234130 (base 5) in base 10?
71165
Convert -657 (base 12) to base 7.
-2500
What is -cd20 (base 14) in base 7?
-205340
11001001011010 (base 2) to base 8
31132
1020213 (base 4) to base 7
16356
Convert 4633 (base 13) to base 16.
2674
-837 (base 14) to base 5
-22432
What is -6627 (base 8) in base 11?
-2683
Convert 1421 (base 5) to base 2.
11101100
20211 (base 3) to base 6
504
-ab (base 13) to base 9
-166
What is -1377 (base 8) in base 13?
-470
What is 19b (base 14) in base 10?
333
Convert -3120 (base 6) to base 3.
-221210
What is 103001 (base 4) in base 14?
62d
What is 2b559 (base 12) in base 6?
1151353
Convert -200010 (base 3) to base 9.
-603
-11122011 (base 3) to base 16
-d33
Convert -1028 (base 13) to base 6.
-14155
Convert a891 (base 11) to base 12.
83a2
-43470 (base 8) to base 2
-100011100111000
759 (base 12) to base 4
100311
31b5 (base 15) to base 14
3b96
What is -7433 (base 9) in base 6?
-41133
What is -be00 (base 15) in base 2?
-1001110101010011
Convert 2265 (base 16) to base 12.
5119
1360 (base 11) to base 2
11011100000
Convert 2002120 (base 3) to base 8.
2767
Convert 168a5 (base 12) to base 2.
111111001111101
What is 101031 (base 4) in base 5?
13401
What is 13101 (base 7) in base 11?
2684
-13116 (base 7) to base 2
-110110100100
-654 (base 16) to base 15
-730
What is 53c (base 14) in base 2?
10000001010
Convert -36025 (base 7) to base 16.
-2440
Convert -77b (base 13) to base 16.
-505
What is -191c (base 13) in base 15?
-1198
Convert -20b4 (base 16) to base 4.
-2002310
What is -10011100011 (base 2) in base 8?
-2343
2a489 (base 11) to base 10
43173
What is -101233 (base 4) in base 11?
-942
Convert -3531 (base 6) to base 7.
-2320
What is -144b7 (base 15) in base 2?
-1111111010101101
-7262 (base 8) to base 11
-2910
12064 (base 7) to base 11
2399
-3e2 (base 16) to base 3
-1100211
What is -60370 (base 8) in base 10?
-24824
-1702a (base 14) to base 7
-330053
-11118 (base 10) to base 16
-2b6e
Convert 2991c (base 13) to base 11.
53a30
Convert -1522 (base 6) to base 11.
-343
Convert -111000101111010 (base 2) to base 16.
-717a
56663 (base 8) to base 9
35812
What is 44501 (base 8) in base 15?
5853
-1580a (base 14) to base 5
-3204324
-114331 (base 5) to base 2
-1000011110101
What is -b4 (base 15) in base 5?
-1134
Convert 91 (base 10) to base 5.
331
Convert -25769 (base 10) to base 11.
-183a7
Convert 101103 (base 4) to base 11.
917
121 (base 13) to base 15
d1
What is -3032 (base 5) in base 13?
-242
What is 1720 (base 8) in base 6?
4304
Convert -683 (base 9) to base 14.
-2c1
Convert -233140 (base 5) to base 4.
-2011201
Convert -358 (base 12) to base 8.
-764
Convert 9759 (base 13) to base 4.
11020212
3052 (base 7) to base 4
100222
What is -3230 (base 11) in base 15?
-13e8
What is -130223 (base 4) in base 15?
-825
Convert -101100101111 (base 2) to base 10.
-2863
Convert -8932 (base 14) to base 2.
-101110011010000
333 (base 5) to base 11
85
23413 (base 7) to base 6
43541
What is -20177 (base 11) in base 2?
-111001100101111
-211200210 (base 3) to base 10
-16545
-11101011001 (base 2) to base 6
-12413
-1557 (base 13) to base 7
-12036
What is 39c6 (base 14) in base 13?
4824
Convert -121000 (base 3) to base 16.
-1b0
2302023 (base 4) to base 11
8627
-814 (base 9) to base 7
-1633
Convert -1111100000010 (base 2) to base 8.
-17402
What is 12a84 (base 11) in base 13?
8612
What is -155512 (base 7) in base 6?
-354301
Convert -110011110011 (base 2) to base 5.
-101230
What is -8061 (base 9) in base 12?
-34a7
132313 (base 4) to base 8
3667
Convert 31532 (base 8) to base 12.
7736
-6982 (base 16) to base 15
-800a
-2133122 (base 4) to base 13
-484a
What is 12020221 (base 3) in base 14?
157a
Convert 5123 (base 6) to base 14.
5ab
What is -3424 (base 7) in base 16?
-4db
-3487 (base 9) to base 4
-220132
Convert 22530 (base 8) to base 2.
10010101011000
-200212201 (base 3) to base 4
-3113002
1317 (base 13) to base 3
10201220
Convert -1552 (base 7) to base 3.
-212011
Convert 8060 (base 9) to base 6.
43130
101001111 (base 3) to base 15
228a
Convert 100255 (base 6) to base 16.
1ecb
What is -140034 (base 5) in base 13?
-2752
122211 (base 3) to base 13
2b0
-92 (base 16) to base 12
-102
Convert 242222 (base 6) to base 7.
115652
-11101100001 (base 2) to base 7
-5336
Convert -3000101 (base 4) to base 2.
-11000000010001
What is 1245 (base 6) in base 2?
100111101
Convert -ac9 (base 13) to base 4.
-130333
142132 (base 6) to base 9
20402
-20666 (base 7) to base 3
-21001112
100101010000 (base 2) to base 3
10021022
Convert 471 (base 14) to base 2.
1101110011
12201102 (base 3) to base 8
10111
Convert -186 (base 13) to base 12.
-1b3
4886 (base 11) to base 8
14362
What is 5410 (base 6) in base 8?
2316
What is 245a1 (base 12) in base 9?
74464
What is -14051 (base 6) in base 7?
-6250
Convert 1052 (base 14) to base 2.
101100000000
132401 (base 5) to base 14
1d43
Convert 76a (base 13) to base 12.
89b
-237 (base 15) to base 13
-2c8
-2110 (base 6) to base 11
-3a1
Convert -a73 (base 16) to base 11.
-2012
-b782 (base 12) to base 9
-30528
-103438 (base 9) to base 16
-f09b
Convert 3342 (base 6) to base 15.
372
-ad1c (base 15) to base 16
-8f5e
Convert 2220122 (base 3) to base 12.
128b
Convert -1a68 (base 14) to base 6.
-34112
What is -134024 (base 5) in base 12?
-3236
What is -425044 (base 6) in base 10?
-34804
Convert -4144 (base 5) to base 2.
-1000100101
What is b50 (base 15) in base 2?
100111110110
Convert -2083 (base 10) to base 3.
-2212011
Convert -26e (base 15) to base 10.
-554
Convert 5117 (base 16) to base 11.
14662
What is -8774 (base 11) in base 9?
-16782
Convert 203122 (base 4) to base 3.
10002221
-46542 (base 7) to base 3
-121